).
-1
Let y(m) = 1. Let v(a) = -a + 2. Suppose 2*x - 18 = -4*p, p - 4 - 13 = -3*x. Let t(k) = k**2 - 4*k - 4. Let i be t(x). Let c(o) = i*v(o) - 5*y(o). Give c(0).
-3
Let s(r) = 8*r**3 + 13*r**2 - 10. Let y(a) = 5*a**3 + 9*a**2 - 7. Let m(g) = -5*s(g) + 7*y(g). What is m(-1)?
4
Let k(s) = -s**2 - 4*s + 4. Let d be 0 + (-3)/(9/(-33)). Suppose 5*m - 9 = d, -3*m = 5*f + 8. What is k(f)?
4
Let n(z) = 2*z**2 - 6*z - 3. Let p be n(4). Let y(j) = -17*j + 10*j + p*j + 5. What is y(6)?
-7
Let z(m) = m - 2. Let b = -6 + 10. Suppose 0 = 3*o - 6*o - 24. Let l be 6/b*o/3. What is z(l)?
-6
Let x(n) = n**3 + 5*n**2 + 3*n + 1. Suppose l - 8 = -3*l. Suppose -p - 3*o = p - 1, l*o = 2*p + 14. Give x(p).
5
Let w(p) be the first derivative of -p**4/4 + 4*p**3/3 - 2*p**2 + 3*p + 39. What is w(3)?
0
Let u(a) = -a**3 - 6*a**2 - 5*a - 2. Let s(k) = -k**3 + k + 1. Let o(q) = -2*s(q) + u(q). Let v be o(7). Let z(b) = b**3 + 3*b**2 - 4*b + 5. Calculate z(v).
5
Let f(j) be the second derivative of -j**4/12 + j**3 + 2*j. Calculate f(6).
0
Suppose 4*c + d = 19, 0 = -2*c - 2*d + 6 - 4. Let n(v) = -v**3 + 7*v**2 - 6*v + 2. Determine n(c).
2
Let o = -688 - -681. Let k(m) = -2 + 1 + 6*m - m**2 + 2*m**2. What is k(o)?
6
Let u(z) = 7*z**3 + 2*z**2 - z. Let s = 6 - 4. Suppose -3*m + 5 = s*m. Determine u(m).
8
Let n be (-6)/((-9)/(-3)) + 1. Let b(d) be the second derivative of -d**3/6 - d**2/2 - 2*d + 21. Determine b(n).
0
Let q(p) = -p**3 - 2*p**2 - p. Suppose -30*x - 18 = -21*x. Give q(x).
2
Suppose -4*l + 3 - 10 = u, 0 = 5*l - 2*u + 12. Let b(w) = -2*w**3 - 2*w**2 + 2*w. Determine b(l).
4
Let q(g) = g**3 + 5*g**2 - 7*g - 7. Suppose 0*k + 3*k + 18 = 0. Give q(k).
-1
Suppose a + 4*a = 90. Let t(z) = -2*z**2 + 2 - a*z + 15*z + 1. Give t(-3).
-6
Let h(c) = -2*c**3 + 8*c**2 + 5*c - 5. Let l(n) = -5*n**3 + 17*n**2 + 11*n - 10. Let o(j) = -7*h(j) + 3*l(j). What is o(-4)?
-3
Let u(w) = -6*w**2 - 1 + 0 - w**3 - 1 + 4*w**2 - w. What is u(-2)?
0
Let x(h) = -5*h**3 - 3*h**2 + 3*h - 5. Let g(k) = k**3 + 1. Let t(f) = -4*g(f) - x(f). Give t(-4).
-3
Let j(c) = -c**3 + 5*c**2 - 5. Let a = 4 - 12. Let f(q) = -q**2 - 8*q - 10. Let d be f(a). Let w(u) = u**3 + 9*u**2 - 10*u + 5. Let k be w(d). Give j(k).
-5
Let o(h) = 1 - 5*h + h + 3. Determine o(3).
-8
Let q(g) be the second derivative of -g**5/20 - 3*g**4/4 - 3*g**3/2 - 2*g**2 - 10*g. Give q(-8).
4
Let v(d) = d**2 + 5*d - 10. Let n(f) = -f**2 + 7*f + 1. Let g be n(8). Give v(g).
4
Let r(u) = 4*u - 3*u - 4*u - 2. Calculate r(-2).
4
Let q = -6 - -7. Let c(g) = 4*g + 1. Let l(f) = f**3 - 5*f - 1. Let u(m) = 5*c(m) + 4*l(m). Give u(q).
5
Let l(o) = o**3 - 5*o**2 + 2*o - 5. Let b be l(5). Suppose 0 = -b*i + i. Let h(d) = -d - 1. Calculate h(i).
-1
Let a(x) = 4*x**2 + 6*x - 5. Let f(m) = -m**2. Let l(q) = a(q) + 3*f(q). What is l(-7)?
2
Let t(v) be the third derivative of -v**7/840 - v**6/60 - v**5/120 - 7*v**4/24 - v**3/2 - 4*v**2. Let m(l) be the first derivative of t(l). Give m(-6).
-1
Let w(p) be the second derivative of -p**5/20 + p**4/12 - p**3/6 + 2*p**2 - p + 9. Give w(0).
4
Let l(p) = 4*p**2 - p - 1. Let y be l(-1). Let f(c) = -3*c**2 - c**3 + 2 + 7*c + 6*c**2 - 8. Calculate f(y).
6
Let r(d) be the first derivative of -d**3/3 + 5*d**2/2 + 3*d + 1. Determine r(7).
-11
Let m(j) = -j**2 + 2*j - 1. Suppose 4*z = 4*t + 68, -4*t - z - 37 - 36 = 0. Let p be 4/(-6*4/t). Give m(p).
-4
Let d(g) = -g - 5. Suppose 6 = 2*a + 5*f, 2*a + 2*a + 2*f + 20 = 0. Let r = a - 0. Calculate d(r).
2
Suppose 0*z - 23 = -2*z - 3*x, 0 = 2*z - 3*x + 7. Let g(w) = -w + 15. Let c(n) = 3 + 1 + 1. Let q(y) = -8*c(y) + 3*g(y). Calculate q(z).
-7
Let j(i) = -4*i + 4. Let o(r) = r + 1. Let y = -8 + 7. Let w(k) = y*j(k) - 5*o(k). Give w(0).
-9
Let a(d) = 0*d - d + 7*d - 3*d. What is a(2)?
6
Let q = 3 + 3. Let o(t) = -8*t - 6. Let n(d) = 7*d + 5. Let f(z) = q*o(z) + 7*n(z). Give f(-2).
-3
Let f(p) = -614*p**2 + 302*p**2 + p + 301*p**2. Calculate f(-1).
-12
Suppose -5*j - 26 = 4. Let w(s) = 9*s + 8. Let t(k) = 9. Let f(o) = -o + 1. Let u(q) = -5*f(q) + t(q). Let i(m) = j*w(m) + 11*u(m). Calculate i(2).
-2
Let r(a) be the third derivative of 0 - 2*a**2 + 0*a - 1/24*a**4 + 2/3*a**3. Determine r(5).
-1
Let i(c) = c**3 + 9*c**2 + 8*c + 2. Let w be i(-8). Suppose w*f - 15 = -f. Let m(g) = -g**3 + 3*g**2 + 7*g + 2. What is m(f)?
-13
Let z(m) be the third derivative of m**6/120 + m**5/60 + m**4/24 - 3*m**2. Let r = -6 - -6. What is z(r)?
0
Let u be (-2)/1*6/4. Let t be 3/u*-5*2. Let m = t - 8. Let l(y) = -2*y**2 + y + 1. What is l(m)?
-5
Let v(a) = a**3 - 9 + 1 - 2*a**3 - 8*a**2. Give v(-8).
-8
Suppose j + 2*x - 15 = -0*j, 0 = -4*j + 4*x. Let n be (-2 - -3)/(j/(-10)). Let p(h) = -3*h**2 - 2*h + 1 - h**2 + 2*h**2. What is p(n)?
-3
Let x = -9 - -14. Suppose -w = -x*w + 4. Let n(k) = -6*k - 1. What is n(w)?
-7
Suppose 0 = 2*v - 3*v + 18. Suppose -3*b + 29 + v = 4*r, 3*b - 7 = 4*r. Suppose -6*u + b = -4*u - 3*g, 3*g + 15 = 0. Let j(f) = f**2. Give j(u).
9
Let c(j) = -5*j**2 + 0*j**2 - 3 - 2 + 8 - j**3. Suppose -7 = -t + 3*a, 0*t - a + 16 = -4*t. Calculate c(t).
3
Let y be (6/5)/(3/(-10)). Let z = 8 + y. Let h(x) = -z + 0*x + 5*x + 5 + x**2. What is h(-3)?
-5
Let j be -4 - (-2 + 2)/(-2). Suppose -4*m = -0*m - 8. Let k(q) = -2*q**m - 1 - 3*q**2 - 6*q - 5 + 0*q - q**3. What is k(j)?
2
Let l(p) = p**2 + 2*p + 3. Let s = 66 - 69. Give l(s).
6
Let l = 1 + -4. Let o(c) = c - c**2 - 2*c**2 - 4 + 4*c**2. Determine o(l).
2
Let v be (-1)/6 + 11/66. Let u(n) = n**3 - 3*n**2 + n + 2. Let q be u(3). Let l = v + q. Let g(x) = 2*x. Give g(l).
10
Let x(n) = 3*n + 1. Let v be x(1). Suppose 12 = 6*g - v*g. Let m(w) = -w + 2. What is m(g)?
-4
Let j(a) = -a + 14. Let u be j(6). Let o = u - 12. Let g(y) = -2*y - 4. What is g(o)?
4
Let m(w) = -w**2 + 2*w + 2. Let y(l) be the second derivative of -l**5/20 + l**4/12 + 3*l**2/2 - 5*l. Let d be y(0). What is m(d)?
-1
Let g(k) = -k - 2. Let j be g(-6). Let p(l) be the second derivative of l**5/20 - l**4/3 - l**3/6 - l**2/2 - 7*l. What is p(j)?
-5
Let q(f) = -2*f + 6. Suppose -2*p = v - 6, -p + 5*v = -2*p - 15. Calculate q(p).
-4
Let y(t) = -t**2 + 5*t - 4. Let f(b) = b**2 - 5*b + 9. Let l be f(3). Calculate y(l).
2
Let f = -5 - -15. Suppose 3*t + 5*r - f = 14, -3*t + 2*r = -3. Suppose t*j + 3 + 6 = -3*p, -23 = 5*j + p. Let g(b) = -b**3 - 4*b**2 + 3*b - 4. Determine g(j).
6
Let s(c) = 2 - 3 + 2 - c. Suppose 77*g + 10 = 75*g. What is s(g)?
6
Suppose -1 = 3*t - 13. Let k(o) = 3 - o + o**2 - 2*o + t*o. Calculate k(-3).
9
Let k(m) = 4. Let i(x) = x**2 - 3. Let f(b) = -5*i(b) - 4*k(b). Suppose -3*a - 9 = -3*h, 6*h - 7*h = 5*a - 9. Determine f(a).
-6
Let w be (-1)/5 - (-918)/90. Let d = 9 - w. Let m(r) be the third derivative of -r**5/12 + r**4/24 + r**2. Give m(d).
-6
Let d(x) be the first derivative of -3*x**2 + x + 11. Suppose w - 1 = -0*w. What is d(w)?
-5
Suppose 10*g = 33 + 17. Let d(f) = -10 - 2*f + 0*f + 3*f. What is d(g)?
-5
Let n(g) = 8*g**3 - 9*g**2 - 9*g. Let h(r) = 4*r**3 - 5*r**2 - 5*r. Let p(y) = -11*h(y) + 6*n(y). Let w(d) = -d**2 - 7*d - 7. Let o be w(-6). Give p(o).
-4
Suppose -2 + 0 = -u. Suppose 0 + u = n. Let g(z) = -25*z**2 + 21*z + 9. Let m(j) = 6*j**2 - 5*j - 2. Let s(t) = -2*g(t) - 9*m(t). Determine s(n).
-10
Let r(u) = -3*u**2 + 1 + 2*u**2 + 2*u - 3. Let h = 6 - 6. Let x = 2 - h. Determine r(x).
-2
Let g(b) = b - 5. Let f be 85/20 - 3/12. What is g(f)?
-1
Let r(y) = -y**3 - 3*y**2 - 4*y - 2. Suppose -2*d + 4*d + 10 = -2*k, k + 5*d = -13. Determine r(k).
10
Let z(s) = s**2 - 7*s - 1. Suppose -3*t - 42 = -2*o - 4*t, -4*t = 2*o - 48. Suppose 10 + o = 5*q. Determine z(q).
-7
Suppose -3*t + y = -4, 25 = 3*y + 2*y. Let d be (2/(1 - 0))/2. Let o(m) = -m. Let w(b) = -4*b + 1. Let s(l) = d*w(l) - 5*o(l). What is s(t)?
4
Suppose -3*w + v = 20, -5*v + 10*v + 14 = -4*w. Let c(a) be the second derivative of -a**4/12 - 5*a**3/6 + 3*a**2 + 29*a. What is c(w)?
0
Let o(d) = d**2 - 2*d. Suppose -c - l = 2*c + 26, -2*c + 6 = -4*l. Let h = c - -11. Give o(h).
8
Let o(c) = -c**2 + 4*c + 3. Let a be 2/3*15/2. Calculate o(a).
-2
Let d(h) = 3*h - 2. Suppose n = -n, 2*n = -2*z - 4. What is d(z)?
-8
Let w(n) = -n**3 + n**2 + n - 1. Let r = 12 - 11. Give w(r).
0
Let k be (-18)/15*(-10)/4. Let r = 3 - k. Let f(n) = 2*n - 3 + 0 + r*n. Determine f(4).
5
Let m = 17 - 12. Let 